vided by 32?
28
What is the remainder when 1383 is divided by 1062?
321
Calculate the remainder when 15821 is divided by 103.
62
What is the remainder when 439 is divided by 13?
10
Calculate the remainder when 13158 is divided by 470.
468
What is the remainder when 748683 is divided by 18?
9
Calculate the remainder when 85384 is divided by 50.
34
Calculate the remainder when 285549 is divided by 113.
111
Calculate the remainder when 16165 is divided by 776.
645
What is the remainder when 15659 is divided by 1735?
44
Calculate the remainder when 908694 is divided by 1165.
1159
What is the remainder when 65462 is divided by 2104?
238
What is the remainder when 109584 is divided by 9131?
12
What is the remainder when 900 is divided by 163?
85
What is the remainder when 36763 is divided by 7350?
13
What is the remainder when 16122 is divided by 5090?
852
Calculate the remainder when 3221 is divided by 1447.
327
What is the remainder when 8673 is divided by 148?
89
What is the remainder when 2091 is divided by 416?
11
Calculate the remainder when 4295 is divided by 228.
191
Calculate the remainder when 14875 is divided by 23.
17
What is the remainder when 6321 is divided by 1114?
751
What is the remainder when 2632 is divided by 549?
436
What is the remainder when 35276 is divided by 189?
122
What is the remainder when 124647 is divided by 9?
6
What is the remainder when 19755 is divided by 1655?
1550
Calculate the remainder when 217627 is divided by 114.
1
Calculate the remainder when 505 is divided by 281.
224
What is the remainder when 13658 is divided by 16?
10
What is the remainder when 56764 is divided by 14178?
52
What is the remainder when 1909 is divided by 215?
189
What is the remainder when 426122 is divided by 106529?
6
Calculate the remainder when 2412 is divided by 610.
582
Calculate the remainder when 2199 is divided by 5.
4
Calculate the remainder when 4024 is divided by 2001.
22
What is the remainder when 6750 is divided by 68?
18
Calculate the remainder when 17177 is divided by 94.
69
What is the remainder when 54119 is divided by 13524?
23
Calculate the remainder when 51937 is divided by 25965.
7
What is the remainder when 3171 is divided by 105?
21
What is the remainder when 11794 is divided by 96?
82
What is the remainder when 8086 is divided by 1?
0
What is the remainder when 8485 is divided by 104?
61
What is the remainder when 77876 is divided by 38901?
74
Calculate the remainder when 293783 is divided by 56.
7
What is the remainder when 763213 is divided by 240?
13
Calculate the remainder when 4796 is divided by 1518.
242
Calculate the remainder when 1994 is divided by 49.
34
Calculate the remainder when 3328 is divided by 41.
7
What is the remainder when 117176 is divided by 270?
266
What is the remainder when 157438 is divided by 157413?
25
What is the remainder when 8200 is divided by 78?
10
What is the remainder when 111002 is divided by 270?
32
What is the remainder when 3122 is divided by 151?
102
What is the remainder when 121599 is divided by 40532?
3
What is the remainder when 98943 is divided by 35?
33
Calculate the remainder when 13969 is divided by 47.
10
Calculate the remainder when 1958525 is divided by 13.
10
What is the remainder when 27385 is divided by 5468?
45
Calculate the remainder when 284193 is divided by 6046.
31
Calculate the remainder when 18495 is divided by 2281.
247
Calculate the remainder when 2018 is divided by 20.
18
What is the remainder when 107061 is divided by 8921?
9
Calculate the remainder when 10539 is divided by 139.
114
Calculate the remainder when 43482 is divided by 429.
153
What is the remainder when 1199 is divided by 167?
30
Calculate the remainder when 8217 is divided by 1172.
13
Calculate the remainder when 4898 is divided by 1584.
146
Calculate the remainder when 6988120 is divided by 41.
39
Calculate the remainder when 33242 is divided by 32.
26
Calculate the remainder when 29999 is divided by 207.
191
Calculate the remainder when 4980 is divided by 1656.
12
Calculate the remainder when 6757 is divided by 52.
49
Calculate the remainder when 151801 is divided by 1922.
1885
Calculate the remainder when 868670 is divided by 554.
552
What is the remainder when 7716 is divided by 701?
5
What is the remainder when 11536 is divided by 1281?
7
What is the remainder when 51806 is divided by 603?
551
What is the remainder when 27843 is divided by 117?
114
Calculate the remainder when 959 is divided by 528.
431
What is the remainder when 8865 is divided by 1124?
997
What is the remainder when 17930 is divided by 166?
2
Calculate the remainder when 21039 is divided by 43.
12
What is the remainder when 2326 is divided by 771?
13
What is the remainder when 1652 is divided by 718?
216
What is the remainder when 783492 is divided by 757?
754
What is the remainder when 5996 is divided by 75?
71
Calculate the remainder when 440228 is divided by 345.
8
What is the remainder when 4333 is divided by 2031?
271
What is the remainder when 8175 is divided by 4011?
153
Calculate the remainder when 14806 is divided by 255.
16
Calculate the remainder when 133807 is divided by 219.
217
What is the remainder when 465891 is divided by 858?
855
Calculate the remainder when 165427 is divided by 914.
907
What is the remainder when 51965 is divided by 6492?
29
Calculate the remainder when 2470 is divided by 106.
32
What is the remainder when 805438 is divided by 120?
118
What is the remainder when 26495 is divided by 106?
101
Calculate the remainder when 29962 is divided by 210.
142
Calculate the remainder when 1492 is divided by 308.
260
What is the remainder when 40098 is divided by 427?
387
Calculate the remainder when 49287 is divided by 593.
68
What is the remainder when 100539 is divided by 53?
51
Calculate the remainder when 329 is divided by 260.
69
Calculate the remainder when 46418 is divided by 15462.
32
What is the remainder when 94113 is divided by 20?
13
Calculate the remainder when 1429848 is divided by 79436.
0
Calculate the remainder when 11409 is divided by 1887.
87
What is the remainder when 99893 is divided by 442?
1
Calculate the remainder when 417919 is divided by 105.
19
Calculate the remainder when 33830 is divided by 33825.
5
Calculate the remainder when 1604 is divided by 795.
14
What is the remainder when 29186 is divided by 200?
186
What is the remainder when 3081 is divided by 308?
1
What is the remainder when 44110 is divided by 114?
106
Calculate the remainder when 8478 is divided by 326.
2
Calculate the remainder when 31782 is divided by 346.
296
Calculate the remainder when 17983 is divided by 332.
55
What is the remainder when 860930 is divided by 4?
2
Calculate the remainder when 61225 is divided by 15298.
33
Calculate the remainder when 56947 is divided by 170.
167
What is the remainder when 7012 is divided by 356?
248
Calculate the remainder when 15706 is divided by 124.
82
What is the remainder when 1042 is divided by 64?
18
What is the remainder when 2852 is divided by 84?
80
Calculate the remainder when 8954 is divided by 513.
233
What is the remainder when 78319 is divided by 44?
43
What is the remainder when 151357 is divided by 13?
11
What is the remainder when 1143 is divided by 725?
418
What is the remainder when 3062098 is divided by 708?
706
Calculate the remainder when 63302 is divided by 5754.
8
Calculate the remainder when 18403 is divided by 24.
19
What is the remainder when 89816 is divided by 273?
272
Calculate the remainder when 552066 is divided by 23.
20
What is the remainder when 746065 is divided by 149211?
10
What is the remainder when 4343 is divided by 161?
157
What is the remainder when 36915 is divided by 754?
723
What is the remainder when 618639 is divided by 740?
739
What is the remainder when 1696 is divided by 783?
130
Calculate the remainder when 2667 is divided by 757.
396
What is the remainder when 5837 is divided by 42?
41
Calculate the remainder when 33841 is divided by 6762.
31
Calculate the remainder when 53492 is divided by 304.
292
Calculate the remainder when 65768 is divided by 50.
18
What is the remainder when 1398262 is divided by 55?
52
What is the remainder when 3799538 is divided by 21?
8
Calculate the remainder when 4223